). What is r(5)?
-2
Let s(v) = v**3 - 6*v**2 - v - 5. Let b = -8 - -26. Suppose 3*h + 5*q = b, 2*q = 3*h - 0*h - 18. Determine s(h).
-11
Let a(g) = -g**3 - 7*g**2 - 6*g - 2. Let m be a(-6). Let b be (-17)/(-5) + m/5. Let d(n) = -2*n + 1. Calculate d(b).
-5
Let d(p) = p - 7. Let g(u) = -1. Let h(l) = -d(l) - 2*g(l). Suppose -w = -2*k - 3*w + 2, -4*k - 5*w = 0. Calculate h(k).
4
Let d(t) = t**2 - 6*t + 2. Let p(w) = 1. Let o(z) = 3*z**3 + 3 - z**2 - 3*z**2 - 4 - 2*z**3. Let l be o(4). Let x(s) = l*d(s) - 4*p(s). Determine x(5).
-1
Suppose 2*d - 5*d - 9 = -3*j, 5*d = 2*j - 15. Let p be ((-33)/(-9) + d)*6. Let c(m) = m**3 - 4*m**2 + 2*m - 4. Calculate c(p).
4
Let s(m) = -4*m**2 - m. Let t(z) = z**2 - 6*z + 7. Let i be t(4). Give s(i).
-3
Let i(r) be the first derivative of -r**4/4 + r**3 + r**2/2 + 3*r - 9. What is i(3)?
6
Let f(b) = b**2 + 6*b - 4. Let w(c) = c**3 - 10*c**2 + 10*c + 12. Let t be w(9). Suppose -5*h = -2*y + t + 6, 2*h + 4*y = -6. Give f(h).
-9
Let s be (1 + -1)*5/10. Suppose s = -l - 2*l. Let p(h) = h + 7. What is p(l)?
7
Let t(a) = -a - 3. Let d = 146 - 146. What is t(d)?
-3
Let r(c) be the second derivative of -2/3*c**3 + 0 - c**2 - 9*c - 1/20*c**5 - 1/3*c**4. What is r(-3)?
1
Let z(f) = f**2 + 3*f - 10. Let a be z(-5). Let h(x) = x**2 + 12. Determine h(a).
12
Let a(d) = -d**2 - 2*d + 5. Suppose 5*g + 2*f = 10, -g + 0*f = f - 2. Let o = -5 - -7. Suppose x = g*i + 12, o*i + 4*x = -0*i + 8. What is a(i)?
-3
Let h = -9 + 9. Let n = h - -2. Let b(i) be the third derivative of -i**5/60 + i**4/24 - i**2. Give b(n).
-2
Let m(j) = -j**2. Let y be (0 - -1) + 2 + -3. Determine m(y).
0
Let v = -1 - -6. Let q(g) = 0 + 0*g**2 - v + 2*g**3 - 3*g**3 + 5*g**2. Let y be (-2)/((-5)/((-25)/(-2))). What is q(y)?
-5
Let s(k) be the first derivative of -5/12*k**4 - 2 - 1/20*k**5 + k - 7/6*k**3 - 5/2*k**2. Let l(i) be the first derivative of s(i). Determine l(-4).
7
Let l(b) = 0 - 16*b + 22*b + 5 + b**3 - 7*b**2. Calculate l(6).
5
Let u(k) = 167*k - 2 - k**3 - 3*k**2 - 161*k - 4*k**2. Calculate u(-8).
14
Let d(j) = j + 6. Suppose -4 = 2*c + 2*c. Let o(r) = 2 + 2 - 5. Let n(f) = c*d(f) - 6*o(f). Give n(-1).
1
Let n(v) be the third derivative of v**4/4 + 2*v**2. Calculate n(1).
6
Let v be 3 - (-2 + 0 - -1). Suppose 0 = -0*u - u - r - 11, -u - v*r = 26. Let k(a) = a + 4. Determine k(u).
-2
Let s(j) be the third derivative of -j**4/24 + 2*j**2. Let w = -7 - -1. Let u = w - -1. What is s(u)?
5
Let w(n) = n**2 - 6*n + 2. Suppose 4*l = 7*l - 18. Determine w(l).
2
Let i(k) = k**3 + k**2 - k + 1. Suppose 5*f = -28 - 22. Let z = f - -1. Let v(n) = -n - 9. Let h be v(z). What is i(h)?
1
Let j = 5 - 2. Let h(o) = 2 + 4 - j*o + 2*o. Let q = -12 + 17. Determine h(q).
1
Let p(u) = -1 + 0*u + 3 + 2*u - 4*u. Suppose -5*b = -5*i, -3*i - 16 = 5*b - 0*b. Determine p(b).
6
Let i(u) = 2*u + 6. Let c(v) = v**3 + 12*v**2 + 9*v - 16. Let b be c(-11). Let a be -3 + -4*3/b. Calculate i(a).
-4
Let x(r) = r**3 - 4*r**2 - 6*r + 5. Let d be x(5). Let u(f) = f**3 - f**2 + f + 2. What is u(d)?
2
Let v be 1*3*(-8)/6. Let k(l) be the third derivative of l**5/60 + l**4/4 + l**3/2 - 37*l**2. Give k(v).
-5
Let y(h) = -8 + 2 - 2*h**2 + 9*h**2 - h**3. Determine y(7).
-6
Let w(c) = c**3 - 7*c - 9. Suppose -2*b + 7*b = 15. Let d(p) = p + 5. Let f(x) = x. Let n(h) = b*f(h) + d(h). Let q(o) = 7*n(o) + 4*w(o). What is q(-1)?
-5
Let z(a) = -14*a**2 - 12*a - 17. Let g(b) = 9*b**2 + 8*b + 11. Let h(p) = -8*g(p) - 5*z(p). Determine h(-3).
-9
Let b(m) = -m - 23. Let g(p) = -11. Let t(q) = -2*b(q) + 5*g(q). Let s be t(6). Let w be 3/s - 4*-1. Let d(k) = k. What is d(w)?
5
Let s(v) be the first derivative of -v**4/12 - 7*v**3/6 - v**2 - 3*v - 4. Let p(n) be the first derivative of s(n). Give p(-5).
8
Suppose -2*t = -t - 4. Suppose -8 = -4*p + t. Let m(q) be the third derivative of -q**6/120 + q**5/20 + q**4/8 - q**3/6 - 2*q**2. What is m(p)?
8
Let m(k) = -2*k + 4. Suppose 28 = -j - 3*j. Let p(h) = -1 - 1 + 0 - h + 2*h. Let c(v) = j*p(v) - 4*m(v). Give c(6).
4
Let v = -13 + 11. Let r(d) = 5*d**2 + 2*d - 2. Calculate r(v).
14
Let q(f) = -3 + f - 2*f**2 + 0*f**2 + 2 - 20*f**3 + 19*f**3. What is q(-2)?
-3
Let r = -11 - -7. Let g(t) be the first derivative of -1/4*t**4 - 3/2*t**2 - 5/3*t**3 - 4*t - 1. Calculate g(r).
-8
Let f(o) = 1 - 2*o + 1 - 4*o**3 - 1. Let q(h) = -h - 3. Suppose 5 = -l + 1. Let c be q(l). Determine f(c).
-5
Let g(z) = -1 + 4*z + 5 - 1 - 4. Let b(x) = 2*x - 5. Let h(r) = r**3 - 5*r**2 + 4*r + 4. Let v be h(4). Let n be b(v). Determine g(n).
11
Let l(m) = -m**2 - 6*m - 7. Let k(q) = q**2 - 5*q - 2. Let n be k(4). Let g be 27/n*8/6. Calculate l(g).
-7
Let f be 19 - (-2 - (-4 - -2)). Let o = 31 - f. Let c be o/((-9)/(-3)) - -1. Let t(v) = v - 7. Determine t(c).
-2
Let a(g) = 3*g**3 + 7*g**2 + 4*g - 4. Let b(u) = 2*u**3 + 6*u**2 + 4*u - 4. Let r(z) = 3*a(z) - 4*b(z). Suppose -4*d + 12 = -0*d. Give r(d).
-8
Suppose -26 = -4*a + n, 5*a + n - 16 = 2*a. Let u(q) = -q**2 + 8*q - 7. Calculate u(a).
5
Let k(v) = 3*v. Suppose 3*u + u = 44. Let f(j) = -j**3 + 11*j**2 + j - 12. Let r be f(u). Determine k(r).
-3
Let u(m) = 0 + 1 + 0 + 4*m - 6*m. Calculate u(-1).
3
Let c(m) = m**2 + 6*m - 4. Let r be c(-6). Let g be (-4)/r + -3 + 2. Suppose 3*k + k = g. Let p(l) = -l**2 + l + 9. Determine p(k).
9
Let t(r) be the second derivative of 0*r**3 + 0 - 1/12*r**4 + 1/10*r**5 + 0*r**2 + 1/720*r**6 + 4*r. Let j(b) be the third derivative of t(b). Calculate j(-6).
6
Let i(j) be the first derivative of 3*j**2/2 - 11. Calculate i(-4).
-12
Let g(b) be the third derivative of -5*b**2 - 1/30*b**6 + 1/24*b**4 + 0*b**3 + 0 + 0*b + 0*b**5. Give g(1).
-3
Let p(t) be the third derivative of 0*t + 2*t**2 - 1/3*t**3 + 1/120*t**6 + 1/4*t**4 - 1/10*t**5 + 0. Let v be (8/(-1))/(-4) + 3. What is p(v)?
3
Let x(t) = -t**3 - 4*t**2 + 4*t - 4. Suppose 2 = -g - 2*h - 11, 5*g = -4*h - 41. What is x(g)?
1
Let m(p) be the first derivative of p**3/3 + p**2/2 - 5*p + 15. Determine m(0).
-5
Let j(h) = -3*h + 9. Let w(o) = o - 1. Let b(s) = j(s) + 5*w(s). Suppose -2*g - 4*y + 3 = 5, 5*y + 1 = -3*g. What is b(g)?
10
Let m(y) = -y + 4. Suppose 4*r - 7 - 7 = 2*h, 5*r + 4*h - 24 = 0. Calculate m(r).
0
Let g(p) = 120*p**2 + 2 - 240*p**2 + 121*p**2 - 2*p. Determine g(3).
5
Let l = 101 - 96. Let q(z) = 3*z - 1. Let r(s) = -10*s + 4. Let b = 1 + 1. Let a(f) = b*r(f) + 7*q(f). Give a(l).
6
Let g be (-9)/(-2)*(-8)/6. Let k(t) be the second derivative of -t**3/6 - 6*t**2 - t + 11. What is k(g)?
-6
Let h = -35/3 - -12. Let z(p) be the third derivative of 0 + 5/24*p**4 + 2*p**2 + 1/120*p**6 - 1/12*p**5 + 0*p - h*p**3. Calculate z(4).
2
Let c(l) be the first derivative of -l**4/6 + l**3/3 - l**2/2 + l + 3. Let w(d) be the first derivative of c(d). Give w(1).
-1
Let p(r) = -5*r**2 + 7*r + 8 - 21 + 8 + 9 - r**3. Suppose 0 = 3*q + 19 - 1. Give p(q).
-2
Let q be (8/2)/(3 + -1). Let m(o) = -4*o**2 + 3*o - 3. What is m(q)?
-13
Let b(a) = -a**2 + a. Let k(q) = 3*q**2 - 10*q + 1. Let z(j) = -2*b(j) - k(j). Calculate z(7).
6
Let x(r) = 11*r**2 - 7*r. Let q(g) = 6*g**2 - 3*g. Let y(k) = 5*q(k) - 2*x(k). Let h be (2/8)/(-7 - 162/(-24)). Determine y(h).
9
Let k(r) = 5*r. Let g(l) = -14*l + 1. Let y(t) = 4*g(t) + 11*k(t). Let f be y(2). Let m(p) = 2*p + 0*p**f + 3*p**2 - 2*p**2 + 1. What is m(-3)?
4
Let p(r) be the first derivative of r**4/12 + r**3 + 3*r**2/2 - r + 2. Let k(b) be the first derivative of p(b). Suppose -5*f = -f + 16. Determine k(f).
-5
Let k(z) = -3*z**2 + 7*z + 4. Let y(r) = 7*r + 3*r - 2*r**2 + 5 + r - 4*r. Let l(w) = -3*k(w) + 4*y(w). Let c be -7 - (0 - (4 + -3)). Determine l(c).
2
Let l(h) = -h**3 + 3*h**2 - 2*h - 1. Suppose -3*u - 10 = -16. Give l(u).
-1
Suppose -9 = 2*s + 3*r, 12 = -8*s + 3*s - 4*r. Let f(c) = 4*c + c + 7 - 3*c + s*c. Give f(-5).
-3
Let s = -7 - -2. Let g be 1/(-3*3/(-18)). Let v(m) = 1 - 3*m**2 - 2*m**g - m**3 - 2*m + m + 0. What is v(s)?
6
Suppose -2*x = y - 3, 0 = 2*y - x - 2*x - 13. Let l(o) = 6 + 3 - 7 + 2*o - o**2 + 4. What is l(y)?
-9
Suppose 3*v + 1 = 2*a, -v - 3*a - 2 = -2*v. Let i = v + -3. Let r(z) = z**3 + 5*z**2 + 4*z + 2. What is r(i)?
2
Let n = -8 - -4. Let b(z) be the third derivative of -z**4/24 - z**3/6 + 3*z**2. Let q(s) = -2*s - 2. Let i(w) = 13*b(w) - 6*q(w). Determine i(n).
3
Let i(q) = q**2 - 2*q - 3.